{"id":11,"date":"2025-12-27T17:45:45","date_gmt":"2025-12-27T16:45:45","guid":{"rendered":"https:\/\/wolnemotyle.pl\/?page_id=11"},"modified":"2026-01-05T22:19:11","modified_gmt":"2026-01-05T21:19:11","slug":"rozdzial-0-wprowadzenie","status":"publish","type":"page","link":"https:\/\/wolnemotyle.pl\/?page_id=11","title":{"rendered":"ROZDZIA\u0141 0 \u2013 Wprowadzenie"},"content":{"rendered":"\n<p>    Grzegorz mia\u0142 problem.<\/p>\n\n\n\n<p>&nbsp;&nbsp;&nbsp;&nbsp;Mimo \u017ce ukrywa\u0142 to bardzo dobrze, Grzegorz by\u0142 zasadniczo nieszcz\u0119\u015bliwy. Czu\u0142 si\u0119 niespe\u0142niony. Jego \u017cycie sta\u0142o si\u0119 monotonne i nudne. Nienawidzi\u0142 swojej pracy. Prawdopodobnie zostanie nied\u0142ugo zwolniony z powodu zbli\u017caj\u0105cej si\u0119 recesji. Jego ma\u0142\u017ce\u0144stwo wisia\u0142o na w\u0142osku, nie potrafi\u0142 ju\u017c nawi\u0105za\u0107 kontaktu ze swoimi dzie\u0107mi, nie mia\u0142 prawdziwego \u017cycia poza prac\u0105, jedzeniem, ogl\u0105daniem telewizji i spaniem. M\u00f3g\u0142by policzy\u0107 najlepszych przyjaci\u00f3\u0142 na jednym palcu i nie widzia\u0142 najmniejszej szansy na zmian\u0119 czegokolwiek na lepsze.<\/p>\n\n\n\n<p>&nbsp;&nbsp;&nbsp;&nbsp;Ale w tym momencie to nie by\u0142 jego najwi\u0119kszy problem. To co naprawde sp\u0119dza\u0142o mu sen z powiek, by\u0142o to, \u017ce zacz\u0105\u0142 chodzi\u0107 we \u015bnie.&nbsp;<\/p>\n\n\n\n<p>&nbsp;&nbsp;&nbsp;&nbsp;Jednej nocy, Grzegorz podczas snu wyszed\u0142 na zewn\u0105trz i wpad\u0142 do ogromnej dziury w ziemi. Kiedy si\u0119 ockn\u0105\u0142, zobaczy\u0142, \u017ce le\u017cy na jej dnie w samej pi\u017camie i nie by\u0142o tam nic poza nim. Podni\u00f3s\u0142 wzrok i zobaczy\u0142 nad sob\u0105 poranne niebo, z kilkoma nagimi ga\u0142\u0119ziami drzew wisz\u0105cymi nad idealnym kr\u0119giem s\u0142o\u0144ca. By\u0142a wczesna wiosna i w powietrzu panowa\u0142 ch\u0142\u00f3d. Nie widzia\u0142 nikogo, ale s\u0142ysza\u0142 ciche g\u0142osy.<\/p>\n\n\n\n<p>&nbsp;&nbsp;&nbsp;&nbsp;&nbsp;Wiedzia\u0142, \u017ce musi spr\u00f3bowa\u0107 si\u0119 wydosta\u0107, ale \u015bciany dziury by\u0142y proste, \u015bliskie, wysokie i nie by\u0142o nic po czym mo\u017cna by\u0142o si\u0119 wspi\u0105\u0107. Za ka\u017cdym razem, gdy pr\u00f3bowa\u0142, pada\u0142 sfrustrowany na dno. Zacz\u0105\u0142 wo\u0142a\u0107 o pomoc.&nbsp;<\/p>\n\n\n\n<p>&nbsp;&nbsp;&nbsp;&nbsp;Nagle ujrza\u0142 twarz m\u0119\u017cczyzny, kt\u00f3ry spojrza\u0142 na niego z g\u00f3ry.&nbsp;<\/p>\n\n\n\n<p>&nbsp;&nbsp;&nbsp;&nbsp;,, Jaki masz problem?\u2019\u2019 zapyta\u0142 m\u0119\u017cczyzna.&nbsp;<\/p>\n\n\n\n<p>&nbsp;&nbsp;&nbsp;&nbsp;,, Oh! Dzi\u0119ki Bogu!\u2019\u2019 p\u0142acz\u0105c powiedzia\u0142. \u201cUtkn\u0105\u0142em tu i nie mog\u0119 si\u0119 wydosta\u0107!\u201d<\/p>\n\n\n\n<p>&nbsp;&nbsp;&nbsp;&nbsp;\u201cRozumiem\u201d powiedzia\u0142. \u201c W takim razie pomog\u0119 Ci. Jak masz na imi\u0119?\u201d<\/p>\n\n\n\n<p>&nbsp;&nbsp;&nbsp;&nbsp;\u201c Grzegorz\u201d<\/p>\n\n\n\n<p>&nbsp;&nbsp;&nbsp;&nbsp;\u201cNazwisko?\u201d<\/p>\n\n\n\n<p>&nbsp;&nbsp;&nbsp;&nbsp;\u201cZimerman\u201d<\/p>\n\n\n\n<p>&nbsp;&nbsp;&nbsp;&nbsp;\u201cJedno \u2018m\u2019 czy dwa?\u201d<\/p>\n\n\n\n<p>&nbsp;&nbsp;&nbsp;&nbsp;\u201cJedno\u201d<\/p>\n\n\n\n<p>&nbsp;&nbsp;&nbsp;&nbsp;\u201cZaraz wracam\u201d<\/p>\n\n\n\n<p>&nbsp;&nbsp;&nbsp;&nbsp;Kiedy m\u0119\u017cczyzna znikn\u0105\u0142, Grzegorz zacz\u0105\u0142 si\u0119 zastanawia\u0107 co takiego wa\u017cnego by\u0142o w literowaniu jego nazwiska, i wtedy m\u0119\u017cczyzna wr\u00f3ci\u0142.<\/p>\n\n\n\n<p>&nbsp;&nbsp;&nbsp;&nbsp;\u201cTo jest Tw\u00f3j szcz\u0119\u015bliwy dzie\u0144 Grzegorz! Jestem milionerem i dzi\u015b czuje si\u0119 wyj\u0105tkowo hojny dla innych.\u201d<\/p>\n\n\n\n<p>&nbsp;&nbsp;&nbsp;&nbsp;&nbsp;M\u0119\u017cczyzna zrzuci\u0142 kartk\u0119 papieru. Grzegorz z\u0142apa\u0142 j\u0105 i spojrza\u0142 do g\u00f3ry. M\u0119\u017cczyzna znikn\u0105\u0142.&nbsp;<\/p>\n\n\n\n<p>&nbsp;&nbsp;&nbsp;&nbsp;By\u0142 to czek na jego nazwisko na dziesi\u0119\u0107 tysi\u0119cy z\u0142otych.<\/p>\n\n\n\n<p>&nbsp;&nbsp;&nbsp;&nbsp;\u201cCo do diab\u0142a?! Gdzie ja niby mam to tutaj wyda\u0107?\u201d pomy\u015bla\u0142.<\/p>\n\n\n\n<p>Z\u0142o\u017cy\u0142 czek i schowa\u0142 do kieszeni.<\/p>\n\n\n\n<p>&nbsp;&nbsp;&nbsp;&nbsp;Wtedy us\u0142ysza\u0142 nast\u0119pny g\u0142os dochodz\u0105cy z g\u00f3ry.<\/p>\n\n\n\n<p>&nbsp;&nbsp;&nbsp;&nbsp;\u201cProsz\u0119 pom\u00f3\u017c mi\u201d, Grzegorz krzykn\u0105\u0142 do pustej przestrzeni na g\u00f3rze.<\/p>\n\n\n\n<p>&nbsp;&nbsp;&nbsp;&nbsp;Pojawi\u0142a si\u0119 twarz nast\u0119pnego m\u0119\u017cczyzny, twarz \u017cyczliwa i wsp\u00f3\u0142czuj\u0105ca.<\/p>\n\n\n\n<p>&nbsp;&nbsp;&nbsp;&nbsp;\u201cCo mog\u0119 zrobi\u0107 dla Ciebie m\u00f3j synu?\u201d<\/p>\n\n\n\n<p>&nbsp;&nbsp;&nbsp;Grzegorz dostrzeg\u0142 bia\u0142y ko\u0142nierzyk duchownego kiedy ten pochyli\u0142 si\u0119 nad kraw\u0119dzi\u0105.&nbsp;<\/p>\n\n\n\n<p>&nbsp;&nbsp;&nbsp;\u201cOjcze prosz\u0119 pom\u00f3\u017c mi wydosta\u0107 si\u0119 z tej dziury.\u201d<\/p>\n\n\n\n<p>&nbsp;&nbsp;&nbsp;&nbsp;\u201cM\u00f3j synu\u2026\u201d G\u0142os by\u0142 delikatny i kochaj\u0105cy. \u201cZa pi\u0119\u0107 minut musz\u0119 odprawi\u0107 msz\u0119 w moim ko\u015bciele, wi\u0119c nie mog\u0119 teraz Ci pom\u00f3c. Ale odm\u00f3wimy dzi\u015b wszyscy specjaln\u0105 modlitw\u0119 za Ciebie.\u201d Po czym si\u0119gn\u0105\u0142 do kieszeni. \u201cProsz\u0119, to powinno pom\u00f3c.\u201d I zanim znikn\u0105\u0142, wrzuci\u0142 do \u015brodka ksi\u0105\u017ck\u0119.<\/p>\n\n\n\n<p>&nbsp;&nbsp;&nbsp;&nbsp;&nbsp;Grzegorz podni\u00f3s\u0142 Bibli\u0119, przestudiowa\u0142 j\u0105 i pr\u00f3bowa\u0142 wyobrazi\u0107 sobie wszystkie mo\u017cliwe sposoby \u017ceby j\u0105 u\u017cy\u0107 aby wydosta\u0107 si\u0119 z dziury. W ko\u0144cu podda\u0142 si\u0119 i od\u0142o\u017cy\u0142 j\u0105 na bok.&nbsp;<\/p>\n\n\n\n<p>&nbsp;&nbsp;&nbsp;&nbsp;&nbsp;Nast\u0119pnym przechodniem by\u0142a kobieta.&nbsp; Kiedy zrozumia\u0142a k\u0142opoty Grzegorza, rzuci\u0142a troch\u0119 organicznych warzyw wraz z witaminami i suplementami zio\u0142owymi.&nbsp;<\/p>\n\n\n\n<p>&nbsp;&nbsp;&nbsp;&nbsp;&nbsp;\u201cJedz tylko te.\u201d Powiedzia\u0142a.&nbsp;<\/p>\n\n\n\n<p>&nbsp;&nbsp;&nbsp;&nbsp;&nbsp;Grzegorz u\u0142o\u017cy\u0142 je obok Biblii.&nbsp;<\/p>\n\n\n\n<p>&nbsp;&nbsp;&nbsp;&nbsp;&nbsp;Lekarz zatrzyma\u0142 si\u0119 i zrzuci\u0142 kilka buteleczek pr\u00f3bek nowych lek\u00f3w za sprzedanie kt\u00f3rych mia\u0142 prowizj\u0119.&nbsp;<\/p>\n\n\n\n<p>&nbsp;&nbsp;&nbsp;&nbsp;Prawnik przechodz\u0105c, zamieni\u0142 kilka s\u0142\u00f3w z Grzegorzem na temat zaskar\u017cenia miasta za niezabezpieczenie tego miejsca i zostawi\u0142 mu wizyt\u00f3wk\u0119.&nbsp;<\/p>\n\n\n\n<p>&nbsp;&nbsp;&nbsp;&nbsp;Polityk obieca\u0142, \u017ce stworzy ustaw\u0119, kt\u00f3ra b\u0119dzie chroni\u0142a lunatyk\u00f3w je\u015bli tylko Grzegorz odda na niego g\u0142os w nadchodz\u0105cych wyborach, zak\u0142adaj\u0105c, \u017ce uda mu si\u0119 wydosta\u0107 z dziury.&nbsp;<\/p>\n\n\n\n<p>&nbsp;&nbsp;&nbsp;&nbsp;W tym czasie Grzegorz zaj\u0105\u0142 miejsce na dole dziury, trz\u0119s\u0105c si\u0119 lekko z zimna, zaczynaj\u0105c traci\u0107 nadziej\u0119, \u017ce ktokolwiek pomo\u017ce mu si\u0119 wydosta\u0107. Czu\u0142 si\u0119 samotny, bezradny i troch\u0119 przera\u017cony. Odsun\u0105\u0142 leki na bok i zjad\u0142 organicznego banana.&nbsp;<\/p>\n\n\n\n<p>&nbsp;&nbsp;&nbsp;&nbsp;\u201cJa pomog\u0119 Ci si\u0119 wydosta\u0107.\u201d<\/p>\n\n\n\n<p>&nbsp;&nbsp;&nbsp;&nbsp;&nbsp;Us\u0142ysza\u0142 mocny, przekonywuj\u0105cy i silny g\u0142os. Nie by\u0142 do ko\u0144ca przekonany, ale chyba s\u0142ysza\u0142 ju\u017c wcze\u015bniej ten g\u0142os w telewizji.&nbsp;<\/p>\n\n\n\n<p>&nbsp;&nbsp;&nbsp;&nbsp;&nbsp;\u201cPo prostu musisz porzuci\u0107 negatywne my\u015blenie, nauczy\u0107 si\u0119 wizualizacji i potem u\u017cy\u0107 \u2018Prawa Przyci\u0105gania\u2019.\u201d<\/p>\n\n\n\n<p>&nbsp;&nbsp;&nbsp;&nbsp;&nbsp;&nbsp;\u201cAle to jest w\u0142a\u015bnie to co robi\u0119 &#8211; pr\u00f3buj\u0119 przyci\u0105gn\u0105\u0107 kogo\u015b kto pomo\u017ce wydosta\u0107 mi si\u0119 z tej dziury!\u201d Grzegorz zaprotestowa\u0142.<\/p>\n\n\n\n<p>&nbsp;&nbsp;&nbsp;&nbsp;&nbsp;&nbsp;\u201cW takim razie musisz robi\u0107 co\u015b nie tak,\u201d us\u0142ysza\u0142 w odpowiedzi.&nbsp;<\/p>\n\n\n\n<p>&nbsp;&nbsp;&nbsp;&nbsp;&nbsp;&nbsp;Zrzuci\u0142a co\u015b cienkiego i kwadratowego na stopy Grzegorza.&nbsp;<\/p>\n\n\n\n<p>&nbsp;&nbsp;&nbsp;&nbsp;&nbsp;&nbsp;Grzegorz krzykn\u0105\u0142 do niej, \u201cHej!, Ale \u2026 zaczekaj!\u201d&nbsp; Kobieta znikn\u0119\u0142a.&nbsp;<\/p>\n\n\n\n<p>&nbsp;&nbsp;&nbsp;&nbsp;&nbsp;&nbsp;Podni\u00f3s\u0142 p\u0142yt\u0119 DVD &#8211;&nbsp; <em>Nauczania Mistrza Abrahama. Kurs DVD.&nbsp;<\/em><\/p>\n\n\n\n<p>\u201cPrzynajmniej mog\u0142a zrzuci\u0107 jaki\u015b przeno\u015bny odtwarzacz.\u201d Powiedzia\u0142 sam do siebie.&nbsp;<\/p>\n\n\n\n<p>&nbsp;&nbsp;&nbsp;&nbsp;&nbsp;Po chwili buddysta Zen usiad\u0142 w pozycji lotosu na skraju dziury, chc\u0105c nauczy\u0107 Grzegorza medytowa\u0107. \u201eJe\u015bli b\u0119dziesz \u0107wiczy\u0107 wystarczaj\u0105co d\u0142ugo, poczujesz si\u0119 lepiej, b\u0119d\u0105c w dziurze. Kto wie, mo\u017ce nawet uda ci si\u0119 lewitowa\u0107 i wydosta\u0107 si\u0119 z tej dziury. \u201d<\/p>\n\n\n\n<p>&nbsp;&nbsp;&nbsp;&nbsp;&nbsp;Grzegorz traci\u0142 powoli nadziej\u0119 i zaczyna\u0142 godzi\u0107 si\u0119 z tym, \u017ce ju\u017c na zawsze tam pozostanie, kiedy us\u0142ysza\u0142 g\u0142os.&nbsp;<\/p>\n\n\n\n<p>&nbsp;&nbsp;&nbsp;&nbsp;&nbsp;\u201cCzy m\u00f3g\u0142by\u015b si\u0119 przesun\u0105\u0107?\u201d<\/p>\n\n\n\n<p>&nbsp;&nbsp;&nbsp;&nbsp;&nbsp;Grzegorz spojrza\u0142 w g\u00f3r\u0119. \u201cCo?\u201d<\/p>\n\n\n\n<p>&nbsp;&nbsp;&nbsp;&nbsp;&nbsp;\u201cCzy mo\u017cesz przesun\u0105\u0107 si\u0119 \u0142askawie w bok?\u201d<\/p>\n\n\n\n<p>&nbsp;&nbsp;&nbsp;&nbsp;&nbsp;Grzegorz wsta\u0142 i zrobi\u0142 kilka krok\u00f3w w bok. \u201cDlaczego?\u201d mia\u0142 w\u0142a\u015bnie zapyta\u0107, kiedy m\u0119\u017cczyzna wskoczy\u0142 do dziury l\u0105duj\u0105c na jego stopach.<\/p>\n\n\n\n<p>&nbsp;&nbsp;&nbsp;&nbsp;&nbsp;\u201cCzy\u015b Ty oszala\u0142?! Teraz razem siedzimy w tej dziurze. Czy nie mog\u0142e\u015b rzuci\u0107 mi jakiej\u015b liny albo drabiny albo cokolwiek\u2026?\u201d Krzykn\u0105\u0142.&nbsp;<\/p>\n\n\n\n<p>&nbsp;&nbsp;&nbsp;&nbsp;&nbsp;M\u0119\u017cczyzna spojrza\u0142 na niego ze spokojem. \u201c Te rzeczy nie dzia\u0142aj\u0105.\u201d&nbsp;<\/p>\n\n\n\n<p>&nbsp;&nbsp;&nbsp;&nbsp;&nbsp;\u201cSk\u0105d wiesz?!\u201d Grzegorz zapyta\u0142 z niedowierzaniem.<\/p>\n\n\n\n<p>&nbsp;&nbsp;&nbsp;&nbsp;\u201c Ju\u017c tu kiedy\u015b by\u0142em, i znam drog\u0119 wyj\u015bcia. \u201c<\/p>\n\n\n\n<p class=\"has-text-align-left\">                    &nbsp;&nbsp;&nbsp;&nbsp;&nbsp;&nbsp;&nbsp;&nbsp;&nbsp;&nbsp;&nbsp;&nbsp;&nbsp;&nbsp;&nbsp;&nbsp;&nbsp;&nbsp;&nbsp;&nbsp;&nbsp;&nbsp;&nbsp;&nbsp;&nbsp;&nbsp;&nbsp;&nbsp;&nbsp;&nbsp;&nbsp;&nbsp;&nbsp;&nbsp;&nbsp;&nbsp;&nbsp;&nbsp;&nbsp;&nbsp;&nbsp;&nbsp;&nbsp;&nbsp;&nbsp;&nbsp;&nbsp;* * *<\/p>\n\n\n\n<p>&nbsp;&nbsp;&nbsp;&nbsp;&nbsp;Zak\u0142adam, \u017ce prosisz o pomoc, bo inaczej nie czyta\u0142by\u015b tej ksi\u0105\u017cki.&nbsp;<\/p>\n\n\n\n<p>&nbsp;&nbsp;&nbsp;&nbsp;&nbsp;Co\u015b jest nie tak w Twoim \u017cyciu i chcesz to zmieni\u0107.<\/p>\n\n\n\n<p>&nbsp;&nbsp;&nbsp;&nbsp;&nbsp;Wi\u0119c mam zamiar wskoczy\u0107 do Twojej dziury, ale nie dlatego, \u017ce czuj\u0119 jakiekolwiek pragnienie lub obowi\u0105zek, aby pom\u00f3c komukolwiek. Pomaganie komu\u015b innemu to jedna z najwi\u0119kszych pu\u0142apek, w jakie mo\u017cna si\u0119 wpl\u0105ta\u0107.<\/p>\n\n\n\n<p>&nbsp;&nbsp;&nbsp;&nbsp;&nbsp;Nie mam r\u00f3wnie\u017c zamiaru zosta\u0107 nauczycielem &#8211; Twoim lub kogokolwiek innego &#8211; ani guru, ani mentorem, ani trenerem, ani kim\u015b, kto udaje, \u017ce ma jakie\u015b lub wszystkie odpowiedzi.<\/p>\n\n\n\n<p>&nbsp;&nbsp;&nbsp;&nbsp;&nbsp;&nbsp;Je\u015bli chcesz, mo\u017cesz my\u015ble\u0107 o mnie jak o &#8220;zwiadowcy&#8221; &#8211; jako zwiadowcy w poci\u0105gu wagonowym na Starym Zachodzie, kt\u00f3rego zadaniem by\u0142o jecha\u0107 naprz\u00f3d, szukaj\u0105c drogi przez G\u00f3ry Skaliste, aby dotrze\u0107 do Oceanu Spokojnego, znajduj\u0105c \u015bcie\u017ck\u0119, kt\u00f3r\u0105 inni mogliby pod\u0105\u017ca\u0107 ze wzgl\u0119dnym bezpiecze\u0144stwem i ochron\u0105 przed \u017cywio\u0142ami i Indianami.<\/p>\n\n\n\n<p>&nbsp;&nbsp;&nbsp;&nbsp;&nbsp;Nie jestem jedynym zwiadowc\u0105 i nie twierdz\u0119, \u017ce dotar\u0142em do oceanu. Ale jestem jedyn\u0105 osob\u0105, kt\u00f3ra wybra\u0142a t\u0119 szczeg\u00f3ln\u0105 drog\u0119, kt\u00f3ra okaza\u0142a si\u0119 bardzo skuteczna i bezpieczna na tyle, \u017ce mog\u0142em wr\u00f3ci\u0107, aby o niej porozmawia\u0107.<\/p>\n\n\n\n<p>&nbsp;&nbsp;&nbsp;&nbsp;&nbsp;Podczas mojej podr\u00f3\u017cy zbada\u0142em pewne bardzo radykalne terytorium i zebra\u0142em wiele informacji o tym, kt\u00f3re \u015bcie\u017cki dzia\u0142aj\u0105, a kt\u00f3re nie, co mo\u017ce przynie\u015b\u0107 korzy\u015bci komu\u015b innemu. To jest g\u0142\u00f3wny pow\u00f3d, dla kt\u00f3rego pisz\u0119 t\u0119 ksi\u0105\u017ck\u0119, aby przekaza\u0107 te informacje, wiedz\u0105c, \u017ce s\u0105 inni &#8211; nie tak wielu, ale niekt\u00f3rzy &#8211; kt\u00f3rzy chc\u0105 i\u015b\u0107 tam, gdzie id\u0119 i gdzie by\u0142em. Mo\u017ce jeste\u015b jednym z nich.<\/p>\n\n\n\n<p>&nbsp;&nbsp;&nbsp;&nbsp;&nbsp;Zatrudni\u0142e\u015b mnie jako swojego zwiadowc\u0119 (bez wzgl\u0119du na to, czy jeste\u015b tego \u015bwiadomy, czy nie), ale powiniene\u015b wiedzie\u0107, \u017ce nie ma dla mnie znaczenia, co my\u015blisz o tych informacjach, czy o tym, co z nimi zrobisz.&nbsp;<\/p>\n\n\n\n<p>&nbsp;&nbsp;&nbsp;&nbsp;&nbsp;Mo\u017cesz je przyj\u0105\u0107 lub nie. Moim jedynym zadaniem i totaln\u0105 rado\u015bci\u0105 jest przekazanie Ci, co znalaz\u0142em. A wi\u0119c wskakuj\u0119 do Twojej dziury, poniewa\u017c wydaje si\u0119 to dobr\u0105 zabaw\u0105 i zgodne z tym, co wszech\u015bwiat ma dla mnie w tej chwili do zaoferowania.<\/p>\n\n\n\n<p>&nbsp;&nbsp;&nbsp;&nbsp;&nbsp;By\u0107 mo\u017ce jednak nie chcesz mnie w swojej dziurze. Powiniene\u015b si\u0119 nad tym naprawd\u0119 zastanowi\u0107. Je\u015bli nadal b\u0119dziesz czyta\u0142, nadejdzie taki moment, \u017ce nie b\u0119dzie ju\u017c odwrotu. W pewnym sensie, zmieniaj\u0105c metafory, b\u0119dzie to jak wspinaczka na Mount Everest. Podr\u00f3\u017c mo\u017ce by\u0107 bardzo trudna, fizycznie i emocjonalnie i zajmuje troch\u0119 czasu.<\/p>\n\n\n\n<p>&nbsp;&nbsp;&nbsp;&nbsp;&nbsp;Jak ju\u017c m\u00f3wi\u0142em, nie jestem jeszcze na szczycie, ale to jest w zasi\u0119gu wzroku. Osi\u0105gn\u0105\u0142em wystarczaj\u0105co wysoki punkt po drodze, gdzie uznanie, rado\u015b\u0107, spok\u00f3j, pogoda ducha s\u0105 ju\u017c ponad naj\u015bmielszymi oczekiwaniami.&nbsp;<\/p>\n\n\n\n<p>&nbsp;&nbsp;&nbsp;&nbsp;&nbsp;&nbsp;To, co wiem z ca\u0142\u0105 pewno\u015bci\u0105 &#8211; i co potwierdzaj\u0105 w wi\u0119kszo\u015bci relacje innych zwiadowc\u00f3w &#8211; to fakt, \u017ce dotarcie na szczyt jest zdecydowanie warte wysi\u0142ku.&nbsp;<\/p>\n\n\n\n<p>&nbsp;&nbsp;&nbsp;&nbsp;&nbsp;&nbsp;Oczywi\u015bcie nie musisz przej\u015b\u0107 przez ca\u0142\u0105 drog\u0119. Dam Ci zna\u0107, kiedy dotrzemy do miejsca, od kt\u00f3rego mo\u017cesz ju\u017c i\u015b\u0107 tylko dalej, a nie z powrotem.<\/p>\n\n\n\n<p>&nbsp;&nbsp;&nbsp;&nbsp;&nbsp;&nbsp;Z drugiej strony, mo\u017cesz zdecydowa\u0107, \u017ce w og\u00f3le nie chcesz opuszcza\u0107 swojej dziury. Je\u015bli tak, powiniene\u015b przesta\u0107 czyta\u0107 teraz.&nbsp; Nie ma w tym nic &#8220;z\u0142ego.\u201d B\u0119dziesz mia\u0142 wystarczaj\u0105co du\u017co pieni\u0119dzy i dobr\u0105 \u017cywno\u015b\u0107 organiczn\u0105 oraz ksi\u0105\u017cki do czytania i DVD do ogl\u0105dania, a tak\u017ce narkotyki, aby utrzyma\u0107 si\u0119 przy \u017cyciu i zapewni\u0107 sobie rozrywk\u0119. To jest TW\u00d3J WYB\u00d3R.<\/p>\n\n\n\n<p><\/p>\n\n\n\n<p><em><a href=\"https:\/\/wolnemotyle.pl\/?page_id=9\">Powr\u00f3t do spisu tre\u015bci<\/a><\/em><\/p>\n\n\n\n<p><\/p>\n","protected":false},"excerpt":{"rendered":"<p>Grzegorz mia\u0142 problem. &nbsp;&nbsp;&nbsp;&nbsp;Mimo \u017ce ukrywa\u0142 to bardzo dobrze, Grzegorz by\u0142 zasadniczo nieszcz\u0119\u015bliwy. Czu\u0142 si\u0119 niespe\u0142niony. Jego \u017cycie sta\u0142o si\u0119 monotonne i nudne. Nienawidzi\u0142 swojej pracy. Prawdopodobnie zostanie nied\u0142ugo zwolniony z powodu zbli\u017caj\u0105cej si\u0119 recesji. Jego ma\u0142\u017ce\u0144stwo wisia\u0142o na w\u0142osku, nie potrafi\u0142 ju\u017c nawi\u0105za\u0107 kontaktu ze swoimi dzie\u0107mi, nie mia\u0142 prawdziwego \u017cycia poza prac\u0105, jedzeniem,&#8230;<\/p>\n","protected":false},"author":1,"featured_media":0,"parent":0,"menu_order":0,"comment_status":"closed","ping_status":"closed","template":"","meta":{"_kad_post_transparent":"","_kad_post_title":"","_kad_post_layout":"narrow","_kad_post_sidebar_id":"","_kad_post_content_style":"","_kad_post_vertical_padding":"","_kad_post_feature":"","_kad_post_feature_position":"","_kad_post_header":false,"_kad_post_footer":false,"_kad_post_classname":"","footnotes":""},"class_list":["post-11","page","type-page","status-publish","hentry"],"_links":{"self":[{"href":"https:\/\/wolnemotyle.pl\/index.php?rest_route=\/wp\/v2\/pages\/11","targetHints":{"allow":["GET"]}}],"collection":[{"href":"https:\/\/wolnemotyle.pl\/index.php?rest_route=\/wp\/v2\/pages"}],"about":[{"href":"https:\/\/wolnemotyle.pl\/index.php?rest_route=\/wp\/v2\/types\/page"}],"author":[{"embeddable":true,"href":"https:\/\/wolnemotyle.pl\/index.php?rest_route=\/wp\/v2\/users\/1"}],"replies":[{"embeddable":true,"href":"https:\/\/wolnemotyle.pl\/index.php?rest_route=%2Fwp%2Fv2%2Fcomments&post=11"}],"version-history":[{"count":7,"href":"https:\/\/wolnemotyle.pl\/index.php?rest_route=\/wp\/v2\/pages\/11\/revisions"}],"predecessor-version":[{"id":277,"href":"https:\/\/wolnemotyle.pl\/index.php?rest_route=\/wp\/v2\/pages\/11\/revisions\/277"}],"wp:attachment":[{"href":"https:\/\/wolnemotyle.pl\/index.php?rest_route=%2Fwp%2Fv2%2Fmedia&parent=11"}],"curies":[{"name":"wp","href":"https:\/\/api.w.org\/{rel}","templated":true}]}}