{"id":119,"date":"2025-12-29T09:08:50","date_gmt":"2025-12-29T08:08:50","guid":{"rendered":"https:\/\/wolnemotyle.pl\/?page_id=119"},"modified":"2026-01-05T22:09:25","modified_gmt":"2026-01-05T21:09:25","slug":"czesc-druga-wewnatrz-kokonu","status":"publish","type":"page","link":"https:\/\/wolnemotyle.pl\/?page_id=119","title":{"rendered":"CZ\u0118\u015a\u0106 DRUGA &#8211; Wewn\u0105trz kokonu"},"content":{"rendered":"\n<blockquote class=\"wp-block-quote is-layout-flow wp-block-quote-is-layout-flow\">\n<p class=\"has-text-align-center\"><em>Nie ma w g\u0105siennicy nic<\/em>, <em>co wskazywa\u0142oby, \u017ce to b\u0119dzie motyl.<\/em><\/p>\n<\/blockquote>\n\n\n\n<p class=\"has-text-align-center\">~ R. Buckminster Fuller<\/p>\n\n\n\n<p class=\"has-text-align-center has-theme-palette-3-color has-text-color has-link-color wp-elements-d107657c75ee250fa96c6cc0f7d964bd\" style=\"font-size:20px\"><strong>Przedmowa do Cz\u0119\u015bci Drugiej<\/strong><\/p>\n\n\n\n<p><strong>&nbsp;&nbsp;&nbsp;&nbsp;&nbsp;&nbsp;&nbsp;<\/strong>Witaj w swoim kokonie!<\/p>\n\n\n\n<p>&nbsp;&nbsp;&nbsp;&nbsp;&nbsp;&nbsp;&nbsp;D\u017awi\u0119k, kt\u00f3ry w\u0142a\u015bnie us\u0142ysza\u0142e\u015b, to zamykaj\u0105ce si\u0119 za Tob\u0105 drzwi, wi\u0119c nie marnujmy czasu\u2026.<\/p>\n\n\n\n<p>&nbsp;&nbsp;&nbsp;&nbsp;&nbsp;&nbsp;&nbsp;(Nawiasem m\u00f3wi\u0105c, to, co cz\u0119sto dzieje si\u0119 jako pierwsze, gdy wchodzisz do swojego kokonu, to otrzymanie prezentu od \u201eWszech\u015bwiata\u201d, ma\u0142ej \u201enagrody\u201d za zrobienie pierwszego kroku w kierunku samorealizacji. Dla ka\u017cdego b\u0119dzie to co\u015b innego, wi\u0119c b\u0119dziesz chcia\u0142 by\u0107 otwarty i czujny; a to pomaga te\u017c wyrazi\u0107 pewn\u0105 wdzi\u0119czno\u015b\u0107 \u2013 nikomu w szczeg\u00f3lno\u015bci, je\u015bli wolisz \u2013 kiedy prezent nadejdzie).<\/p>\n\n\n\n<p>                                                                   * * *<\/p>\n\n\n\n<p>&nbsp;&nbsp;&nbsp;&nbsp;&nbsp;&nbsp;&nbsp;Zanim zaczniemy, nale\u017cy dokona\u0107 wa\u017cnego rozr\u00f3\u017cnienia mi\u0119dzy \u201esystemem wierze\u0144\u201d a \u201emodelem\u201d.<\/p>\n\n\n\n<p>\u00a0\u00a0\u00a0\u00a0\u00a0\u00a0\u00a0<a href=\"https:\/\/pl.wikipedia.org\/wiki\/Model\">Model <\/a>definiuje si\u0119 jako \u201e<em>schematyczny opis systemu, teorii lub zjawiska, kt\u00f3ry uwzgl\u0119dnia jego znane lub wywnioskowane w\u0142a\u015bciwo\u015bci i kt\u00f3ry mo\u017ce by\u0107 wykorzystany do dalszych bada\u0144 jego cech\u201d,<\/em>\u00a0oraz <em>\u201esystematyczny opis obiektu lub zjawiska, kt\u00f3re maj\u0105 wsp\u00f3lne wa\u017cne cechy z przedmiotem lub zjawiskiem. Modele naukowe mog\u0105 by\u0107 materialne, wizualne, matematyczne lub obliczeniowe i s\u0105 cz\u0119sto wykorzystywane do konstruowania teorii naukowych\u201d<\/em><\/p>\n\n\n\n<p class=\"has-text-align-right\" style=\"font-size:14px\">\u00a0\u00a0\u00a0\u00a0\u00a0\u00a0\u00a0\u00a0\u00a0\u00a0\u00a0\u00a0\u00a0\u00a0\u00a0\u00a0\u00a0\u00a0\u00a0\u00a0\u00a0\u00a0\u00a0\u00a0\u00a0\u00a0\u00a0\u00a0\u00a0\u00a0\u00a0\u00a0\u00a0\u00a0\u00a0\u00a0\u00a0\u00a0\u00a0\u00a0\u00a0\u00a0\u00a0\u00a0\u00a0\u00a0\u00a0\u00a0\u00a0\u00a0\u00a0\u00a0\u00a0\u00a0\u00a0\u00a0\u00a0\u00a0\u00a0\u00a0\u00a0\u00a0\u00a0\u00a0\u00a0\u00a0\u00a0\u00a0\u00a0\u00a0\u00a0\u00a0\u00a0\u00a0\u00a0\u00a0\u00a0\u00a0\u00a0\u00a0\u00a0\u00a0\u00a0\u00a0\u00a0\u00a0\u00a0\u00a0\u00a0\u00a0\u00a0\u00a0\u00a0\u00a0\u00a0\u00a0\u00a0\u00a0\u00a0\u00a0\u00a0\u00a0\u00a0\u00a0\u00a0\u00a0\u00a0\u00a0\u00a0\u00a0\u00a0\u00a0\u00a0\u00a0\u00a0\u00a0Science.YourDictionary.com \u2013 <a href=\"https:\/\/www.yourdictionary.com\/scientific-model\">Scientific Model<\/a><\/p>\n\n\n\n<p>&nbsp;&nbsp;&nbsp;&nbsp;&nbsp;&nbsp;&nbsp;Na Answers.com jest prostsza definicja, kt\u00f3ra m\u00f3wi, \u017ce \u201emodel naukowy to reprezentacja obiektu lub systemu. Przyk\u0142adem modelu naukowego mo\u017ce by\u0107 diagram kom\u00f3rki lub mapa\u2026. nawet model rakiety!\u201d<\/p>\n\n\n\n<p class=\"has-text-align-right\" style=\"font-size:14px\">Answers.com \u2013 <a href=\"https:\/\/math.answers.com\/math-and-arithmetic\/What_is_a_scientific_model\">what is a scientific model<\/a><\/p>\n\n\n\n<p>\u00a0\u00a0\u00a0\u00a0\u00a0\u00a0\u00a0Innymi s\u0142owy, model wykorzystuje ju\u017c dost\u0119pne dowody \u2013 w naszym przypadku wyniki eksperyment\u00f3w naukowych z zakresu fizyki kwantowej i bada\u0144 nad m\u00f3zgiem i rozwija teori\u0119 lub reprezentacj\u0119 tego, w jaki spos\u00f3b te dowody mog\u0105 zosta\u0107 zastosowane, je\u015bli zostan\u0105 przeniesione na wy\u017cszy poziom.<\/p>\n\n\n\n<p>&nbsp;&nbsp;&nbsp;&nbsp;&nbsp;&nbsp;&nbsp;Model jest przeznaczony do testowania i kwestionowania, aby zobaczy\u0107, jak dobrze dzia\u0142a.<\/p>\n\n\n\n<p>&nbsp;&nbsp;&nbsp;&nbsp;&nbsp;&nbsp;&nbsp;Z drugiej strony, \u201esystem wierze\u0144\u201d cz\u0119sto powstaje w sprzeczno\u015bci z dost\u0119pnymi dowodami i nie mo\u017ce wytrzyma\u0107 test\u00f3w i wyzwa\u0144. W rzeczywisto\u015bci system przekona\u0144 stara si\u0119 za wszelk\u0105 cen\u0119 unika\u0107 testowania lub kwestionowania.<\/p>\n\n\n\n<p>&nbsp;&nbsp;&nbsp;&nbsp;&nbsp;&nbsp;&nbsp;Pozosta\u0142a cz\u0119\u015b\u0107 tej ksi\u0105\u017cki b\u0119dzie m\u00f3wi\u0107 o modelach, a nie o systemach wierze\u0144 \u2013 modelach, kt\u00f3re zosta\u0142y przetestowane i okaza\u0142y si\u0119 skuteczne.<\/p>\n\n\n\n<p>&nbsp;&nbsp;&nbsp;&nbsp;&nbsp;&nbsp;&nbsp;Nie zostaniesz poproszony aby uwierzy\u0107 w cokolwiek. Zamiast tego jeste\u015b zaproszony do samodzielnego przetestowania tych modeli.<\/p>\n\n\n\n<p>&nbsp;&nbsp;&nbsp;&nbsp;&nbsp;&nbsp;Wszystko, co mog\u0119 powiedzie\u0107 jako Tw\u00f3j skaut, to to, \u017ce modele, kt\u00f3re zaprezentuj\u0119, zadzia\u0142a\u0142y dla mnie i doprowadzi\u0142y mnie do miejsca, w kt\u00f3rym jestem dzisiaj \u2013 stoj\u0119 tutaj i patrz\u0119 na Ocean Spokojny, naprawd\u0119 niesamowite miejsce, z kt\u00f3rego jestem bardzo szcz\u0119\u015bliwy.<\/p>\n\n\n\n<p><em><a href=\"https:\/\/wolnemotyle.pl\/?page_id=9\">Powr\u00f3t do spisu tre\u015bci<\/a><\/em><\/p>\n\n\n\n<p><\/p>\n","protected":false},"excerpt":{"rendered":"<p>Nie ma w g\u0105siennicy nic, co wskazywa\u0142oby, \u017ce to b\u0119dzie motyl. ~ R. Buckminster Fuller Przedmowa do Cz\u0119\u015bci Drugiej &nbsp;&nbsp;&nbsp;&nbsp;&nbsp;&nbsp;&nbsp;Witaj w swoim kokonie! &nbsp;&nbsp;&nbsp;&nbsp;&nbsp;&nbsp;&nbsp;D\u017awi\u0119k, kt\u00f3ry w\u0142a\u015bnie us\u0142ysza\u0142e\u015b, to zamykaj\u0105ce si\u0119 za Tob\u0105 drzwi, wi\u0119c nie marnujmy czasu\u2026. &nbsp;&nbsp;&nbsp;&nbsp;&nbsp;&nbsp;&nbsp;(Nawiasem m\u00f3wi\u0105c, to, co cz\u0119sto dzieje si\u0119 jako pierwsze, gdy wchodzisz do swojego kokonu, to otrzymanie prezentu od&#8230;<\/p>\n","protected":false},"author":1,"featured_media":0,"parent":0,"menu_order":0,"comment_status":"closed","ping_status":"closed","template":"","meta":{"_kad_post_transparent":"","_kad_post_title":"","_kad_post_layout":"narrow","_kad_post_sidebar_id":"","_kad_post_content_style":"","_kad_post_vertical_padding":"","_kad_post_feature":"","_kad_post_feature_position":"","_kad_post_header":false,"_kad_post_footer":false,"_kad_post_classname":"","footnotes":""},"class_list":["post-119","page","type-page","status-publish","hentry"],"_links":{"self":[{"href":"https:\/\/wolnemotyle.pl\/index.php?rest_route=\/wp\/v2\/pages\/119","targetHints":{"allow":["GET"]}}],"collection":[{"href":"https:\/\/wolnemotyle.pl\/index.php?rest_route=\/wp\/v2\/pages"}],"about":[{"href":"https:\/\/wolnemotyle.pl\/index.php?rest_route=\/wp\/v2\/types\/page"}],"author":[{"embeddable":true,"href":"https:\/\/wolnemotyle.pl\/index.php?rest_route=\/wp\/v2\/users\/1"}],"replies":[{"embeddable":true,"href":"https:\/\/wolnemotyle.pl\/index.php?rest_route=%2Fwp%2Fv2%2Fcomments&post=119"}],"version-history":[{"count":2,"href":"https:\/\/wolnemotyle.pl\/index.php?rest_route=\/wp\/v2\/pages\/119\/revisions"}],"predecessor-version":[{"id":285,"href":"https:\/\/wolnemotyle.pl\/index.php?rest_route=\/wp\/v2\/pages\/119\/revisions\/285"}],"wp:attachment":[{"href":"https:\/\/wolnemotyle.pl\/index.php?rest_route=%2Fwp%2Fv2%2Fmedia&parent=119"}],"curies":[{"name":"wp","href":"https:\/\/api.w.org\/{rel}","templated":true}]}}