{"id":189,"date":"2025-12-31T20:58:55","date_gmt":"2025-12-31T19:58:55","guid":{"rendered":"https:\/\/wolnemotyle.pl\/?page_id=189"},"modified":"2026-01-05T22:34:50","modified_gmt":"2026-01-05T21:34:50","slug":"czesc-trzecia-pytania-i-odpowiedzi","status":"publish","type":"page","link":"https:\/\/wolnemotyle.pl\/?page_id=189","title":{"rendered":"CZ\u0118\u015a\u0106 TRZECIA &#8211; Pytania i odpowiedzi"},"content":{"rendered":"\n<blockquote class=\"wp-block-quote is-layout-flow wp-block-quote-is-layout-flow\">\n<p>&nbsp;&nbsp;<em>&nbsp;&nbsp;&nbsp;&nbsp;&nbsp;&nbsp;&nbsp;&nbsp;&nbsp;\u201cWiem, dlaczego tu jeste\u015b Neo. Wiem czym si\u0119 zajmowa\u0142e\u015b. Wiem, dlaczego ledwo \u015bpisz, dlaczego \u017cyjesz sam i dlaczego noc po nocy siedzisz przy komputerze. Szukasz go. Wiem, bo kiedy\u015b ja te\u017c szuka\u0142am tego samego; a gdy mnie znalaz\u0142, powiedzia\u0142 mi, \u017ce naprawd\u0119 nie szuka\u0142em go. Szuka\u0142em odpowiedzi. To pytanie nas nap\u0119dza, Neo. To pytanie sprowadzi\u0142o Ci\u0119 tutaj.\u201d<\/em><\/p>\n<\/blockquote>\n\n\n\n<p class=\"has-text-align-right\" style=\"font-size:14px\">-Trinity, MATRIX<\/p>\n\n\n\n<p class=\"has-text-align-center\"><strong>PRZEDMOWA DO CZ\u0118\u015aCI TRZECIEJ<\/strong><br><\/p>\n\n\n\n<p>&nbsp;&nbsp;&nbsp;&nbsp;&nbsp;&nbsp;&nbsp;&nbsp;&nbsp;&nbsp;&nbsp;Robert Scheinfeld twierdzi, \u017ce gdy przechodzisz do drugiej po\u0142owy Ludzkiej Gry (kt\u00f3r\u0105 nazywa &#8220;Faz\u0105 2&#8221;), nie ma ju\u017c sensu zadawa\u0107 pytania &#8220;Dlaczego&#8221;; i s\u0105 ku temu pewne dobre powody. Nie mo\u017cesz wyduma\u0107 si\u0119 z tej Gry; to nie jest kwestia zrozumienia, ale odczuwania; pytanie &#8220;dlaczego&#8221; mo\u017ce cz\u0119sto by\u0107 odwr\u00f3ceniem uwagi, odwr\u00f3ceniem uwagi od samego Procesu; a odpowied\u017a na &#8220;dlaczego&#8221; naprawd\u0119 nie ma znaczenia i niczego nie zmieni.<\/p>\n\n\n\n<p>&nbsp;&nbsp;&nbsp;&nbsp;&nbsp;&nbsp;&nbsp;&nbsp;&nbsp;&nbsp;&nbsp;Prawd\u0105 jest, \u017ce b\u0119d\u0105c ju\u017c wewn\u0105trz swojego kokonu, naprawd\u0119 istnieje tylko jedna odpowied\u017a na pytanie &#8220;Dlaczego?&#8221;: Poniewa\u017c Twoje <em>Niesko\u0144czone Ja<\/em> stworzy\u0142o to dla Ciebie jako dar.<\/p>\n\n\n\n<p>&nbsp;&nbsp;&nbsp;&nbsp;&nbsp;&nbsp;&nbsp;&nbsp;&nbsp;&nbsp;&nbsp;Z drugiej strony, jako Gracze, wydajemy si\u0119 by\u0107 bardzo ciekawi, a &#8220;dlaczego&#8221; mo\u017ce by\u0107 czym\u015b, co nas podnieca i interesuje. Nic w tym &#8220;nieprawid\u0142owego&#8221; .<\/p>\n\n\n\n<p>&nbsp;&nbsp;&nbsp;&nbsp;&nbsp;&nbsp;&nbsp;&nbsp;&nbsp;&nbsp;&nbsp;Poza tym, skoro dotar\u0142e\u015b tak daleko w ksi\u0105\u017cce, doskonale zdajesz sobie spraw\u0119, \u017ce rozmawiamy o nowym i bardzo radykalnym podej\u015bciu do \u017cycia, cz\u0119sto przeciwstawiaj\u0105cym si\u0119 wszystkiemu, czego nas nauczyli w kinie.<\/p>\n\n\n\n<p>Dla mnie zatem jest to w pe\u0142ni zrozumia\u0142e i bardzo uzasadnione, aby zadawa\u0107 r\u00f3\u017cne pytania, aby lepiej zrozumie\u0107, jak dzia\u0142a ten nowy model, aby jasno zrozumie\u0107, w jaki spos\u00f3b r\u00f3\u017cni si\u0119 od czegokolwiek, z czym kiedykolwiek si\u0119 spotka\u0142e\u015b i aby \u0142atwiej pozby\u0107 si\u0119 wcze\u015bniejszej fa\u0142szywej wiedzy, widz\u0105c, \u017ce istniej\u0105 nowe i wykonalne alternatywne sposoby na odpowiedzi na bardziej istotne pytania, kt\u00f3re zajmuj\u0105 nasze my\u015bli.<\/p>\n\n\n\n<p>&nbsp;&nbsp;&nbsp;&nbsp;&nbsp;&nbsp;&nbsp;&nbsp;&nbsp;&nbsp;&nbsp;My\u015bl\u0119 r\u00f3wnie\u017c, \u017ce zasada &#8220;nie pytaj dlaczego&#8221; mo\u017ce by\u0107 czasem u\u017cywana jako wym\u00f3wka, aby unikn\u0105\u0107 konieczno\u015bci udzielenia odpowiedzi na trudne pytania. Ka\u017cdy model, kt\u00f3ry jest wart swojej soli, powinien by\u0107 w stanie logicznie i konsekwentnie wytrzyma\u0107 wszelkiego rodzaju analiz\u0119.<\/p>\n\n\n\n<p>&nbsp;&nbsp;&nbsp;&nbsp;&nbsp;&nbsp;&nbsp;&nbsp;&nbsp;&nbsp;&nbsp;Dlatego witam wszystkie uzasadnione pytania, a przez &#8220;uzasadnione&#8221; rozumiem pytanie wynikaj\u0105ce ze szczerego pragnienia nauki i uzupe\u0142nienia pewnych luk w zrozumieniu tego nowego modelu, lub pytania wynikaj\u0105ce z faktycznego testowania modelu w dzia\u0142aniu. Pytania pochodz\u0105ce z ego, z Maya, z nastawienia na udowodnienie mi &#8220;b\u0142\u0119du&#8221;, lub po prostu w celu intelektualnej debaty, nie interesuj\u0105 mnie. Zawsze s\u0105 to tylko kolejne pr\u00f3by usprawiedliwienia pewnego os\u0105du lub przekonania, kt\u00f3re zosta\u0142o sformowane, b\u0119d\u0105c w \u015brodku kina.<\/p>\n\n\n\n<p>&nbsp;&nbsp;&nbsp;&nbsp;&nbsp;&nbsp;&nbsp;&nbsp;&nbsp;&nbsp;&nbsp;W kolejnych stronach znajdziesz wi\u0119c niekt\u00f3re z moich pyta\u0144, jakie mia\u0142em i jakie mi zadawano, oraz odpowiedzi, kt\u00f3re wymy\u015bli\u0142em na podstawie w\u0142asnych bada\u0144 i do\u015bwiadcze\u0144 jako zwiadowcy.<\/p>\n\n\n\n<p>&nbsp;&nbsp;&nbsp;&nbsp;&nbsp;&nbsp;&nbsp;&nbsp;&nbsp;&nbsp;&nbsp;Niekt\u00f3re odpowiedzi b\u0119d\u0105 bardzo kr\u00f3tkie, inne wype\u0142ni\u0105 normalny rozmiar rozdzia\u0142u.<\/p>\n\n\n\n<p>&nbsp;&nbsp;&nbsp;&nbsp;&nbsp;&nbsp;&nbsp;&nbsp;&nbsp;&nbsp;&nbsp;\u017badna z odpowiedzi nie powinna by\u0107 traktowana jako &#8220;Prawda&#8221;. S\u0105 po prostu najbardziej logiczne, konsekwentne jakie mog\u0119 znale\u017a\u0107, zw\u0142aszcza je\u015bli chodzi o pytania dotycz\u0105ce drugiej strony Pola. Je\u015bli nie s\u0105 &#8220;Prawd\u0105&#8221;, to przynajmniej s\u0142u\u017c\u0105 celowi pokazania, \u017ce istniej\u0105 logiczne alternatywy dla starych, niesp\u00f3jnych i sprzecznych odpowiedzi, kt\u00f3re tak d\u0142ugo uwa\u017cali\u015bmy za prawdziwe.<\/p>\n\n\n\n<p>&nbsp;&nbsp;&nbsp;&nbsp;&nbsp;&nbsp;&nbsp;&nbsp;&nbsp;&nbsp;&nbsp;G\u0142\u00f3wnym celem jest zrozumienie, \u017ce istniej\u0105 inne odpowiedzi na nasze pal\u0105ce pytania dotycz\u0105ce \u017cycia, kt\u00f3re maj\u0105 sens, \u017ce ten model jest kompletny, mo\u017cliwy do zastosowania i zgodny z najnowszymi odkryciami fizyki kwantowej i \u017ce mo\u017cemy zacz\u0105\u0107 pozbywa\u0107 si\u0119 starych system\u00f3w wierze\u0144, kt\u00f3re nas ogranicza\u0142y i ca\u0142kowicie zmieni\u0107 nasze podej\u015bcie.<\/p>\n\n\n\n<p><\/p>\n\n\n\n<p><em><a href=\"https:\/\/wolnemotyle.pl\/?page_id=9\">Powr\u00f3t do spisu tre\u015bci<\/a><\/em><\/p>\n","protected":false},"excerpt":{"rendered":"<p>&nbsp;&nbsp;&nbsp;&nbsp;&nbsp;&nbsp;&nbsp;&nbsp;&nbsp;&nbsp;&nbsp;\u201cWiem, dlaczego tu jeste\u015b Neo. Wiem czym si\u0119 zajmowa\u0142e\u015b. Wiem, dlaczego ledwo \u015bpisz, dlaczego \u017cyjesz sam i dlaczego noc po nocy siedzisz przy komputerze. Szukasz go. Wiem, bo kiedy\u015b ja te\u017c szuka\u0142am tego samego; a gdy mnie znalaz\u0142, powiedzia\u0142 mi, \u017ce naprawd\u0119 nie szuka\u0142em go. Szuka\u0142em odpowiedzi. To pytanie nas nap\u0119dza, Neo. To pytanie sprowadzi\u0142o&#8230;<\/p>\n","protected":false},"author":1,"featured_media":0,"parent":0,"menu_order":0,"comment_status":"closed","ping_status":"closed","template":"","meta":{"_kad_post_transparent":"","_kad_post_title":"","_kad_post_layout":"narrow","_kad_post_sidebar_id":"","_kad_post_content_style":"","_kad_post_vertical_padding":"","_kad_post_feature":"","_kad_post_feature_position":"","_kad_post_header":false,"_kad_post_footer":false,"_kad_post_classname":"","footnotes":""},"class_list":["post-189","page","type-page","status-publish","hentry"],"_links":{"self":[{"href":"https:\/\/wolnemotyle.pl\/index.php?rest_route=\/wp\/v2\/pages\/189","targetHints":{"allow":["GET"]}}],"collection":[{"href":"https:\/\/wolnemotyle.pl\/index.php?rest_route=\/wp\/v2\/pages"}],"about":[{"href":"https:\/\/wolnemotyle.pl\/index.php?rest_route=\/wp\/v2\/types\/page"}],"author":[{"embeddable":true,"href":"https:\/\/wolnemotyle.pl\/index.php?rest_route=\/wp\/v2\/users\/1"}],"replies":[{"embeddable":true,"href":"https:\/\/wolnemotyle.pl\/index.php?rest_route=%2Fwp%2Fv2%2Fcomments&post=189"}],"version-history":[{"count":2,"href":"https:\/\/wolnemotyle.pl\/index.php?rest_route=\/wp\/v2\/pages\/189\/revisions"}],"predecessor-version":[{"id":307,"href":"https:\/\/wolnemotyle.pl\/index.php?rest_route=\/wp\/v2\/pages\/189\/revisions\/307"}],"wp:attachment":[{"href":"https:\/\/wolnemotyle.pl\/index.php?rest_route=%2Fwp%2Fv2%2Fmedia&parent=189"}],"curies":[{"name":"wp","href":"https:\/\/api.w.org\/{rel}","templated":true}]}}