{"id":209,"date":"2026-01-01T22:47:21","date_gmt":"2026-01-01T21:47:21","guid":{"rendered":"https:\/\/wolnemotyle.pl\/?page_id=209"},"modified":"2026-01-01T22:47:21","modified_gmt":"2026-01-01T21:47:21","slug":"rozdzial-26-jeden-gracz-na-jedno-nieskonczone-ja","status":"publish","type":"page","link":"https:\/\/wolnemotyle.pl\/?page_id=209","title":{"rendered":"ROZDZIA\u0141 26 &#8211; Jeden gracz na jedno          Niesko\u0144czone Ja"},"content":{"rendered":"\n<p><strong>&nbsp;&nbsp;&nbsp;&nbsp;&nbsp;&nbsp;&nbsp;&nbsp;&nbsp;&nbsp;<\/strong>Pytanie: Czy <em>Niesko\u0144czone Ja <\/em>jest ograniczone do posiadania tylko jednego Gracza, kt\u00f3ry je reprezentuje w Ludzkiej Grze?<\/p>\n\n\n\n<p>&nbsp;&nbsp;&nbsp;&nbsp;&nbsp;&nbsp;&nbsp;&nbsp;&nbsp;&nbsp;&nbsp;Odpowied\u017a: Oczywi\u015bcie nie mog\u0119 tego powiedzie\u0107 z ca\u0142\u0105 pewno\u015bci\u0105, ale prawdopodobnie nie.<\/p>\n\n\n\n<p>&nbsp;&nbsp;&nbsp;&nbsp;&nbsp;&nbsp;&nbsp;&nbsp;&nbsp;&nbsp;Pomy\u015bl o tym w ten spos\u00f3b&#8230;<\/p>\n\n\n\n<p>&nbsp;&nbsp;&nbsp;&nbsp;&nbsp;&nbsp;&nbsp;&nbsp;&nbsp;&nbsp;<em>Niesko\u0144czone Ja<\/em> ma niesko\u0144czone moce, niesko\u0144czon\u0105 rado\u015b\u0107, niesko\u0144czon\u0105 m\u0105dro\u015b\u0107, niesko\u0144czon\u0105 obfito\u015b\u0107, niesko\u0144czon\u0105 mi\u0142o\u015b\u0107 i niesko\u0144czone pragnienie gry oraz kreatywnego wyra\u017cania siebie. Nie mog\u0119 sobie wyobrazi\u0107, \u017ce w niesko\u0144czonej liczbie gier do rozegrania w niesko\u0144czonym wszech\u015bwiecie <em>Niesko\u0144czone Ja<\/em> ograniczy\u0142oby si\u0119 do grania tylko w jedn\u0105 gr\u0119 \u2013 Ludzk\u0105 Gr\u0119 na Ziemi \u2013 z tylko jednym Graczem. Ale to jest mo\u017cliwe.<\/p>\n\n\n\n<p>&nbsp;&nbsp;&nbsp;&nbsp;&nbsp;&nbsp;&nbsp;&nbsp;&nbsp;&nbsp;&nbsp;Nasze ego chcia\u0142oby, aby\u015bmy my\u015bleli, \u017ce jeste\u015bmy bardzo wyj\u0105tkowi \u2013 ka\u017cdy z nas \u2013 i \u017ce ka\u017cdy z nas ma tylko jedno <em>Niesko\u0144czone Ja<\/em>, kt\u00f3re nas stworzy\u0142o i opiekuje si\u0119 nami, tylko nami. Ale w\u0105tpi\u0119. Bardziej sensowne by\u0142oby, gdyby unikalne i indywidualne <em>Niesko\u0144czone Ja<\/em> mia\u0142o kilku r\u00f3\u017cnych Graczy w kilku r\u00f3\u017cnych grach, by\u0107 mo\u017ce nawet w kilku r\u00f3\u017cnych wszech\u015bwiatach.<\/p>\n\n\n\n<p>&nbsp;&nbsp;&nbsp;&nbsp;&nbsp;&nbsp;&nbsp;&nbsp;&nbsp;&nbsp;&nbsp;Id\u0105c jeszcze dalej, istnieje tak\u017ce mo\u017cliwo\u015b\u0107, \u017ce unikalne <em>Niesko\u0144czone Ja<\/em> mo\u017ce mie\u0107 wi\u0119cej ni\u017c jednego Gracza na Ziemi w tym samym czasie! Mia\u0142em przyjaciela, kt\u00f3ry &#8220;przypomina\u0142 sobie&#8221; (w transie) \u017cycie podczas II wojny \u015bwiatowej, kiedy to by\u0142 brytyjskim \u017co\u0142nierzem i bra\u0142 udzia\u0142 w strzelaninie z niemieckim \u017co\u0142nierzem. Zabili si\u0119 nawzajem w tym samym czasie nad okopem. Gdy &#8220;dusza&#8221; mojego przyjaciela opu\u015bci\u0142a cia\u0142o jego brytyjskiego \u017co\u0142nierza, on &#8220;zobaczy\u0142&#8221;, jak &#8220;dusza&#8221; niemieckiego \u017co\u0142nierza r\u00f3wnie\u017c opuszcza\u0142a swoje cia\u0142o i z wielkim zdziwieniem zda\u0142 sobie spraw\u0119, \u017ce obaj nale\u017celi do tego samego <em>Niesko\u0144czonego Ja<\/em>!<\/p>\n\n\n\n<p>&nbsp;&nbsp;&nbsp;&nbsp;&nbsp;&nbsp;&nbsp;&nbsp;&nbsp;Dlaczego nie? <em>Niesko\u0144czone Ja<\/em> nie jest ograniczone liczb\u0105 Graczy, kt\u00f3rych mo\u017ce mie\u0107 w Ludzkiej Grze, nawet jednocze\u015bnie. By\u0107 mo\u017ce Twoja \u017cona, czy m\u0105\u017c, czy dzieci, czy najlepszy przyjaciel, czy najgorszy wr\u00f3g, to inny Gracz tego samego <em>Niesko\u0144czonego Ja<\/em>. Czy\u017c nie b\u0119dziemy wszyscy zaskoczeni, dowiaduj\u0105c si\u0119 tego kiedy\u015b?!<\/p>\n\n\n\n<p>&nbsp;&nbsp;&nbsp;&nbsp;&nbsp;&nbsp;&nbsp;&nbsp;&nbsp;&nbsp;&nbsp;Ale fakt, \u017ce Twoje <em>Niesko\u0144czone Ja<\/em> mo\u017ce mie\u0107 tak\u017ce innego Gracza \u2013 lub wi\u0119cej \u2013 nie ma \u017cadnego wp\u0142ywu na Twoje relacje z tym <em>Niesko\u0144czonym Ja<\/em>. Tak jak rodzic, kt\u00f3ry ma wi\u0119cej ni\u017c jedno dziecko, nie kocha jednego bardziej, a drugiego mniej. Ka\u017cde dziecko dostaje tyle samo troski, uwagi i mi\u0142o\u015bci. Tak samo jest z tob\u0105 \u2013 nawet je\u015bli s\u0105 inni, to i tak dostajesz pe\u0142n\u0105 opiek\u0119 i wsparcie.<\/p>\n\n\n\n<p>&nbsp;&nbsp;&nbsp;&nbsp;&nbsp;&nbsp;&nbsp;&nbsp;&nbsp;&nbsp;&nbsp;W rzeczywisto\u015bci, ka\u017cdy z nas mo\u017ce my\u015ble\u0107 o swoim <em>Niesko\u0144czonym Ja<\/em> jako &#8220;swoim w\u0142asnym&#8221;, je\u015bli to jako\u015b wszystko u\u0142atwia. To naprawd\u0119 nie ma znaczenia. Mo\u017cliwo\u015b\u0107 &#8220;dzielenia&#8221; si\u0119 <em>Niesko\u0144czonym Ja<\/em> z innym Graczem nie ma \u017cadnego znaczenia dla tego, jak grasz w Ludzk\u0105 Gr\u0119. Jest jednak interesuj\u0105ce rozwa\u017cenie mo\u017cliwo\u015bci, \u017ce osoba sprawiaj\u0105ca Ci najwi\u0119ksze trudno\u015bci w okre\u015blonym do\u015bwiadczeniu holograficznym, mo\u017ce w rzeczywisto\u015bci by\u0107 Twoim &#8220;bratem&#8221; lub &#8220;siostr\u0105&#8221; \u2013 \u017ce dzielicie to samo<em> Niesko\u0144czone Ja!<\/em><\/p>\n\n\n\n<p><em><a href=\"https:\/\/wolnemotyle.pl\/?page_id=9\">Powr\u00f3t do spisu tre\u015bci<\/a><\/em><\/p>\n","protected":false},"excerpt":{"rendered":"<p>&nbsp;&nbsp;&nbsp;&nbsp;&nbsp;&nbsp;&nbsp;&nbsp;&nbsp;&nbsp;Pytanie: Czy Niesko\u0144czone Ja jest ograniczone do posiadania tylko jednego Gracza, kt\u00f3ry je reprezentuje w Ludzkiej Grze? &nbsp;&nbsp;&nbsp;&nbsp;&nbsp;&nbsp;&nbsp;&nbsp;&nbsp;&nbsp;&nbsp;Odpowied\u017a: Oczywi\u015bcie nie mog\u0119 tego powiedzie\u0107 z ca\u0142\u0105 pewno\u015bci\u0105, ale prawdopodobnie nie. &nbsp;&nbsp;&nbsp;&nbsp;&nbsp;&nbsp;&nbsp;&nbsp;&nbsp;&nbsp;Pomy\u015bl o tym w ten spos\u00f3b&#8230; &nbsp;&nbsp;&nbsp;&nbsp;&nbsp;&nbsp;&nbsp;&nbsp;&nbsp;&nbsp;Niesko\u0144czone Ja ma niesko\u0144czone moce, niesko\u0144czon\u0105 rado\u015b\u0107, niesko\u0144czon\u0105 m\u0105dro\u015b\u0107, niesko\u0144czon\u0105 obfito\u015b\u0107, niesko\u0144czon\u0105 mi\u0142o\u015b\u0107 i niesko\u0144czone pragnienie gry oraz kreatywnego wyra\u017cania&#8230;<\/p>\n","protected":false},"author":1,"featured_media":0,"parent":0,"menu_order":0,"comment_status":"closed","ping_status":"closed","template":"","meta":{"_kad_post_transparent":"","_kad_post_title":"","_kad_post_layout":"narrow","_kad_post_sidebar_id":"","_kad_post_content_style":"","_kad_post_vertical_padding":"","_kad_post_feature":"","_kad_post_feature_position":"","_kad_post_header":false,"_kad_post_footer":false,"_kad_post_classname":"","footnotes":""},"class_list":["post-209","page","type-page","status-publish","hentry"],"_links":{"self":[{"href":"https:\/\/wolnemotyle.pl\/index.php?rest_route=\/wp\/v2\/pages\/209","targetHints":{"allow":["GET"]}}],"collection":[{"href":"https:\/\/wolnemotyle.pl\/index.php?rest_route=\/wp\/v2\/pages"}],"about":[{"href":"https:\/\/wolnemotyle.pl\/index.php?rest_route=\/wp\/v2\/types\/page"}],"author":[{"embeddable":true,"href":"https:\/\/wolnemotyle.pl\/index.php?rest_route=\/wp\/v2\/users\/1"}],"replies":[{"embeddable":true,"href":"https:\/\/wolnemotyle.pl\/index.php?rest_route=%2Fwp%2Fv2%2Fcomments&post=209"}],"version-history":[{"count":1,"href":"https:\/\/wolnemotyle.pl\/index.php?rest_route=\/wp\/v2\/pages\/209\/revisions"}],"predecessor-version":[{"id":210,"href":"https:\/\/wolnemotyle.pl\/index.php?rest_route=\/wp\/v2\/pages\/209\/revisions\/210"}],"wp:attachment":[{"href":"https:\/\/wolnemotyle.pl\/index.php?rest_route=%2Fwp%2Fv2%2Fmedia&parent=209"}],"curies":[{"name":"wp","href":"https:\/\/api.w.org\/{rel}","templated":true}]}}