{"id":323,"date":"2026-01-06T23:48:41","date_gmt":"2026-01-06T22:48:41","guid":{"rendered":"https:\/\/wolnemotyle.pl\/?page_id=323"},"modified":"2026-01-06T23:48:41","modified_gmt":"2026-01-06T22:48:41","slug":"krotkie-wyjasnienie-modelu","status":"publish","type":"page","link":"https:\/\/wolnemotyle.pl\/?page_id=323","title":{"rendered":"\u201eKr\u00f3tkie\u201d wyja\u015bnienie \u201eModelu\u201d"},"content":{"rendered":"\n<p>\u201eModel\u201d opiera si\u0119 na uwa\u017cnej analizie (w kilku rozdzia\u0142ach ksi\u0105\u017cki) wynik\u00f3w najnowszych eksperyment\u00f3w naukowych, zw\u0142aszcza z zakresu fizyki kwantowej. Wychodzi on z za\u0142o\u017cenia, \u017ce \u201erzeczywisto\u015b\u0107\u201d, kt\u00f3r\u0105 widzimy i kt\u00f3rej do\u015bwiadczamy \u201ena zewn\u0105trz\u201d, wcale nie jest \u201erzeczywista\u201d i wcale nie znajduje si\u0119 \u201ena zewn\u0105trz\u201d. Nie istnieje \u017cadna sta\u0142a, obiektywna, niezale\u017cna \u201erzeczywisto\u015b\u0107\u201d \u2014 jest jedynie holograficzna projekcja tworzona indywidualnie przez ka\u017cdego cz\u0142owieka wewn\u0105trz jego w\u0142asnej g\u0142owy, oparta na cz\u0119stotliwo\u015bciach fal wybranych z Pola i \u201epobranych\u201d do ludzkiego m\u00f3zgu.<\/p>\n\n\n\n<p>W tym Modelu to \u201eNiesko\u0144czone Ja\u201d (czasami \u2014 niestety \u2014 nazywane przez innych \u201ewy\u017cszym ja\u201d lub \u201ewy\u017csz\u0105 \u015bwiadomo\u015bci\u0105\u201d) wybiera konkretne cz\u0119stotliwo\u015bci fal, aby wytworzy\u0107 indywidualne holograficzne do\u015bwiadczenia. To Niesko\u0144czone Ja tworzy \u201eGracza\u201d, kt\u00f3ry jest jego reprezentantem (jego \u201eawatara\u201d) w Grze Ludzkiej, i to w\u0142a\u015bnie temu Graczowi przekazuje te do\u015bwiadczenia.<\/p>\n\n\n\n<p>Gracz otrzymuje wystarczaj\u0105cy poziom samo\u015bwiadomo\u015bci i uwa\u017cno\u015bci \u2014 to, co autor nazywa \u201eSztuczn\u0105 \u015awiadomo\u015bci\u0105\u201d (AC, w odr\u00f3\u017cnieniu od Sztucznej Inteligencji \u2013 AI) \u2014 aby m\u00f3c korzysta\u0107 z wolnej woli w reagowaniu i odpowiadaniu na do\u015bwiadczenia pochodz\u0105ce od jego Niesko\u0144czonego Ja. Jednak w trakcie tego procesu Gracz rozwija l\u0119ki, os\u0105dy, przekonania i opinie, kt\u00f3re zaczynaj\u0105 wp\u0142ywa\u0107 na spos\u00f3b, w jaki postrzega swoje do\u015bwiadczenia, tworz\u0105c ograniczenia i blokady w jego \u017cyciu. (Wyobra\u017a sobie, jak wygl\u0105da\u0142oby \u017cycie, gdyby rodzice, nauczyciele i znajomi nie wpajali rosn\u0105cemu Graczowi l\u0119k\u00f3w, os\u0105d\u00f3w, przekona\u0144 i opinii!)<\/p>\n\n\n\n<p>Mimo \u017ce wszystkie do\u015bwiadczenia tworzone przez Niesko\u0144czone Ja dla Gracza maj\u0105 z natury charakter neutralny, l\u0119ki, os\u0105dy, przekonania i opinie Gracza sprawiaj\u0105, \u017ce postrzega on te do\u015bwiadczenia jako \u201edobre\u201d lub \u201ez\u0142e\u201d, \u201ew\u0142a\u015bciwe\u201d lub \u201eniew\u0142a\u015bciwe\u201d, \u201elepsze\u201d lub \u201egorsze\u201d. Gracz zaczyna opiera\u0107 si\u0119 tym do\u015bwiadczeniom, kt\u00f3re uznaje za \u201ez\u0142e\u201d, \u201eniew\u0142a\u015bciwe\u201d lub \u201egorsze\u201d, i wkr\u00f3tce sp\u0119dza wi\u0119kszo\u015b\u0107 czasu, postrzegaj\u0105c siebie jako ofiar\u0119 oraz pr\u00f3buj\u0105c naprawia\u0107, zmienia\u0107 lub ulepsza\u0107 swoje do\u015bwiadczenia. W Modelu jest to Pierwsza Cz\u0119\u015b\u0107 Gry Ludzkiej \u2014 spiralny proces narastaj\u0105cych ogranicze\u0144 i restrykcji.<\/p>\n\n\n\n<p>Kiedy Niesko\u0144czone Ja uzna, \u017ce jego Gracz jest gotowy, aby wydosta\u0107 si\u0119 z tej spirali \u201eEgo\u201d, oferuje mu wiele okazji (cz\u0119sto powtarzaj\u0105cych si\u0119, przynajmniej w podobnej formie), by Gracz m\u00f3g\u0142 porzuci\u0107 swoje l\u0119ki, os\u0105dy, przekonania i opinie. Dzieje si\u0119 to poprzez tworzenie do\u015bwiadcze\u0144, kt\u00f3re wydobywaj\u0105 te l\u0119ki, os\u0105dy, przekonania i opinie na \u015bwiat\u0142o dzienne \u2014 o ile Gracz jest got\u00f3w na nie spojrze\u0107. W Modelu nazywa si\u0119 to Drug\u0105 Cz\u0119\u015bci\u0105 Gry Ludzkiej.<\/p>\n\n\n\n<p>Prawdziwe szcz\u0119\u015bcie, \u201eostateczna wolno\u015b\u0107\u201d i spok\u00f3j umys\u0142u (Trzecia Cz\u0119\u015b\u0107 Gry Ludzkiej) s\u0105 mo\u017cliwe tylko wtedy, gdy Gracz potrafi porzuci\u0107 swoje l\u0119ki, os\u0105dy, przekonania i opinie \u2014 innymi s\u0142owy, gdy potrafi porzuci\u0107 swoje \u201eEgo\u201d \u2014 i zacznie postrzega\u0107 do\u015bwiadczenia tworzone dla niego przez jego Niesko\u0144czone Ja jako ca\u0142kowicie neutralne. Wtedy mo\u017ce reagowa\u0107 i odpowiada\u0107 na WSZYSTKIE do\u015bwiadczenia, niezale\u017cnie od ich tre\u015bci, z r\u00f3wn\u0105 rado\u015bci\u0105 i ekscytacj\u0105. Porzucenie l\u0119k\u00f3w, os\u0105d\u00f3w, przekona\u0144 i opinii mo\u017ce dokona\u0107 si\u0119 na wiele r\u00f3\u017cnych sposob\u00f3w. Proces oraz Duchowa Autoliza wspomniane w ksi\u0105\u017cce s\u0105 tylko dwoma z nich.<\/p>\n\n\n\n<p>Wi\u0119kszo\u015b\u0107 Graczy, podobnie jak wi\u0119kszo\u015b\u0107 nurt\u00f3w \u201esamopomocy\u201d i technik \u201educhowego o\u015bwiecenia\u201d, koncentruje si\u0119 jednak na pr\u00f3bach naprawiania, zmieniania lub ulepszania \u201erzeczywisto\u015bci na zewn\u0105trz\u201d, aby osi\u0105gn\u0105\u0107 prawdziwe szcz\u0119\u015bcie, \u201eostateczn\u0105 wolno\u015b\u0107\u201d i spok\u00f3j umys\u0142u. Sztuczki takie jak \u201ePrawo Przyci\u0105gania\u201d, \u201eSekret\u201d czy tak zwane techniki wizualizacji i manifestacji nie dzia\u0142aj\u0105 (poza anegdotycznymi przypadkami, kt\u00f3re nie maj\u0105 nic wsp\u00f3lnego z dzia\u0142aniami Gracza!), poniewa\u017c to nie Gracz tworzy swoje do\u015bwiadczenia. (Robi to jego Niesko\u0144czone Ja!) Jedyn\u0105 prawdziw\u0105 moc\u0105, jak\u0105 dysponuje Gracz, jest wyb\u00f3r sposobu reagowania i odpowiadania na te do\u015bwiadczenia \u2014 i mo\u017ce on zmieni\u0107 ten wyb\u00f3r w ka\u017cdej chwili, po prostu zmieniaj\u0105c swoje postrzeganie poprzez porzucenie Ego (l\u0119k\u00f3w, os\u0105d\u00f3w, przekona\u0144 i opinii).<\/p>\n\n\n\n<p>W odpowiedzi na twierdzenie, \u017ce \u201etworzymy w\u0142asn\u0105 rzeczywisto\u015b\u0107\u201d, nale\u017cy powiedzie\u0107 jasno: nie tworzymy i nie mo\u017cemy tworzy\u0107 naszych holograficznych do\u015bwiadcze\u0144 \u2014 ta moc nale\u017cy wy\u0142\u0105cznie do Niesko\u0144czonego Ja (jedynego \u201ebytu\u201d znajduj\u0105cego si\u0119 we w\u0142a\u015bciwej pozycji, by wybiera\u0107 cz\u0119stotliwo\u015bci fal z Pola i tworzy\u0107 holograficzne do\u015bwiadczenia). Jednak TWORZYMY w\u0142asne postrzeganie rzeczywisto\u015bci, filtruj\u0105c do\u015bwiadczenia stworzone dla nas przez pryzmat naszych l\u0119k\u00f3w, os\u0105d\u00f3w, przekona\u0144 i opinii. (Mo\u017cemy zmieni\u0107 to postrzeganie w ka\u017cdej chwili, nawet je\u015bli nie mo\u017cemy zmieni\u0107 samego holograficznego do\u015bwiadczenia).<\/p>\n\n\n\n<p>Istniej\u0105 r\u00f3wnie\u017c inne klucze do prawdziwego szcz\u0119\u015bcia, \u201eostatecznej wolno\u015bci\u201d i spokoju umys\u0142u. Jednym z nich jest u\u015bwiadomienie sobie przez Gracza, \u017ce NIE jest on swoim Niesko\u0144czonym Ja \u2014 lecz jedynie jego aspektem, stworzonym specjalnie po to, by gra\u0107 w Gr\u0119 Ludzk\u0105 \u2014 oraz zaprzestanie pr\u00f3b wykonywania \u201epracy\u201d Niesko\u0144czonego Ja, takiej jak tworzenie w\u0142asnych do\u015bwiadcze\u0144. Najbardziej prawdziwe stwierdzenie na temat tego, \u201ekim naprawd\u0119 jeste\u015b\u201d, brzmi: jeste\u015b Graczem, a nie Niesko\u0144czonym Ja. (Samo\u015bwiadomo\u015b\u0107, uwa\u017cno\u015b\u0107 \u2014 AC, Sztuczna \u015awiadomo\u015b\u0107 \u2014 oraz zdolno\u015bci Gracza bledn\u0105 w por\u00f3wnaniu z \u015bwiadomo\u015bci\u0105, uwa\u017cno\u015bci\u0105 i mo\u017cliwo\u015bciami Niesko\u0144czonego Ja). Tylko Ego chcia\u0142oby, aby Gracz my\u015bla\u0142, \u017ce \u201enaprawd\u0119 jest\u201d \u2014 lub m\u00f3g\u0142by kiedykolwiek sta\u0107 si\u0119 \u2014 swoim Niesko\u0144czonym Ja. Prawdziwe szcz\u0119\u015bcie, \u201eostateczna wolno\u015b\u0107\u201d i spok\u00f3j umys\u0142u s\u0105 mo\u017cliwe dopiero wtedy, gdy Gracz w pe\u0142ni podda si\u0119 faktowi, \u017ce jest Graczem i niczym wi\u0119cej, zaakceptuje to ca\u0142kowicie i przestanie pr\u00f3bowa\u0107 by\u0107 \u201ekim\u015b wi\u0119cej\u201d.<\/p>\n\n\n\n<p>Kolejnym kluczem jest to, \u017ce gdy proces porzucania Ego \u2014 l\u0119k\u00f3w, os\u0105d\u00f3w, przekona\u0144 i opinii \u2014 zostanie przeprowadzony w pe\u0142ni i do ko\u0144ca, Gracz porzuca r\u00f3wnie\u017c l\u0119k nie tylko przed \u015bmierci\u0105, ale tak\u017ce przed nieistnieniem po \u015bmierci oraz potrzeb\u0119 bycia \u201enie\u015bmierteln\u0105 dusz\u0105\u201d. (Praktycznie wszystkie religie istniej\u0105 jako odpowied\u017a na l\u0119k przed nieistnieniem po \u015bmierci. Gdy ten l\u0119k \u2014 oparty wy\u0142\u0105cznie na Ego \u2014 zostanie porzucony, religia przestaje by\u0107 potrzebna; a to w\u0142a\u015bnie religia by\u0142a i nadal jest, szczeg\u00f3lnie dzi\u015b, \u017ar\u00f3d\u0142em niemal wszystkich wojen oraz ogromnej ilo\u015bci b\u00f3lu i cierpienia w Grze Ludzkiej).<\/p>\n\n\n\n<p>Jednym z niezwyk\u0142ych \u201ecud\u00f3w\u201d Gry Ludzkiej jest fakt, \u017ce cho\u0107 ka\u017cdy Gracz posiada swoj\u0105 w\u0142asn\u0105, unikaln\u0105 i niezale\u017cn\u0105 \u201erzeczywisto\u015b\u0107\u201d, potrafi on wchodzi\u0107 w interakcje z innymi Graczami, kt\u00f3rzy r\u00f3wnie\u017c maj\u0105 swoje w\u0142asne, unikalne i niezale\u017cne \u201erzeczywisto\u015bci\u201d \u2014 niczym dwie lub wi\u0119cej maszyn wirtualnej rzeczywisto\u015bci spotykaj\u0105cych si\u0119 ze sob\u0105. Jednak kolejnym kluczem do prawdziwego szcz\u0119\u015bcia, \u201eostatecznej wolno\u015bci\u201d i spokoju umys\u0142u jest u\u015bwiadomienie sobie przez Gracza, \u017ce nie mo\u017ce on by\u0107 ofiar\u0105 \u017cadnego innego Gracza, w \u017cadnych okoliczno\u015bciach, oraz wzi\u0119cie pe\u0142nej odpowiedzialno\u015bci za w\u0142asny stan w Grze Ludzkiej. W ko\u0144cu \u201erzeczywisto\u015b\u0107\u201d, jakiej do\u015bwiadcza ka\u017cdy Gracz, jest wy\u0142\u0105cznie jego w\u0142asn\u0105 \u2014 projektowan\u0105 przez jego w\u0142asny m\u00f3zg \u2014 i niczyj\u0105 inn\u0105.<\/p>\n","protected":false},"excerpt":{"rendered":"<p>\u201eModel\u201d opiera si\u0119 na uwa\u017cnej analizie (w kilku rozdzia\u0142ach ksi\u0105\u017cki) wynik\u00f3w najnowszych eksperyment\u00f3w naukowych, zw\u0142aszcza z zakresu fizyki kwantowej. Wychodzi on z za\u0142o\u017cenia, \u017ce \u201erzeczywisto\u015b\u0107\u201d, kt\u00f3r\u0105 widzimy i kt\u00f3rej do\u015bwiadczamy \u201ena zewn\u0105trz\u201d, wcale nie jest \u201erzeczywista\u201d i wcale nie znajduje si\u0119 \u201ena zewn\u0105trz\u201d. Nie istnieje \u017cadna sta\u0142a, obiektywna, niezale\u017cna \u201erzeczywisto\u015b\u0107\u201d \u2014 jest jedynie holograficzna projekcja&#8230;<\/p>\n","protected":false},"author":1,"featured_media":0,"parent":0,"menu_order":0,"comment_status":"closed","ping_status":"closed","template":"","meta":{"_kad_post_transparent":"","_kad_post_title":"","_kad_post_layout":"narrow","_kad_post_sidebar_id":"","_kad_post_content_style":"","_kad_post_vertical_padding":"","_kad_post_feature":"","_kad_post_feature_position":"","_kad_post_header":false,"_kad_post_footer":false,"_kad_post_classname":"","footnotes":""},"class_list":["post-323","page","type-page","status-publish","hentry"],"_links":{"self":[{"href":"https:\/\/wolnemotyle.pl\/index.php?rest_route=\/wp\/v2\/pages\/323","targetHints":{"allow":["GET"]}}],"collection":[{"href":"https:\/\/wolnemotyle.pl\/index.php?rest_route=\/wp\/v2\/pages"}],"about":[{"href":"https:\/\/wolnemotyle.pl\/index.php?rest_route=\/wp\/v2\/types\/page"}],"author":[{"embeddable":true,"href":"https:\/\/wolnemotyle.pl\/index.php?rest_route=\/wp\/v2\/users\/1"}],"replies":[{"embeddable":true,"href":"https:\/\/wolnemotyle.pl\/index.php?rest_route=%2Fwp%2Fv2%2Fcomments&post=323"}],"version-history":[{"count":1,"href":"https:\/\/wolnemotyle.pl\/index.php?rest_route=\/wp\/v2\/pages\/323\/revisions"}],"predecessor-version":[{"id":324,"href":"https:\/\/wolnemotyle.pl\/index.php?rest_route=\/wp\/v2\/pages\/323\/revisions\/324"}],"wp:attachment":[{"href":"https:\/\/wolnemotyle.pl\/index.php?rest_route=%2Fwp%2Fv2%2Fmedia&parent=323"}],"curies":[{"name":"wp","href":"https:\/\/api.w.org\/{rel}","templated":true}]}}